{"id":6906,"date":"2024-04-02T16:20:06","date_gmt":"2024-04-02T16:20:06","guid":{"rendered":"https:\/\/ducciobrunetti.it\/cristiano-godano-figlio-padre\/"},"modified":"2024-04-10T22:09:05","modified_gmt":"2024-04-10T22:09:05","slug":"cristiano-godano-figlio-padre","status":"publish","type":"page","link":"https:\/\/ducciobrunetti.it\/en\/progetti\/cristiano-godano-figlio-padre\/","title":{"rendered":"Cristiano Godano &#8211; Figlio e Padre"},"content":{"rendered":"\n\n\t<iframe loading=\"lazy\" width=\"560\" height=\"315\" src=\"https:\/\/www.youtube.com\/embed\/XJbkwP_mEeA?si=48QvkIzanmcIt583\" title=\"YouTube video player\" frameborder=\"0\" allow=\"accelerometer; autoplay; clipboard-write; encrypted-media; gyroscope; picture-in-picture; web-share\" referrerpolicy=\"strict-origin-when-cross-origin\" allowfullscreen><\/iframe>\n<h2>\n\t\tMUSIC VIDEO\n\t<\/h2>\n<p>Per Cristiano Godano (Marlene Kuntz) ho realizzato il music video &#8220;Figlio e Padre&#8221;, girato tra i tetti di Roma e le strade di Londra.<\/p>\n<p><em>&#8220;Il video \u00e8 figlio di questi tempi: girato met\u00e0 a Roma, dove Cristiano si trova da solo su un tetto, e met\u00e0 \u00e8 stato girato a Londra prima della pandemia, dove un anziano signore rincorre i vecchi ricordi (le strade piene di persone senza mascherine sono esse stesse un ricordo).Il video vede la regia di Duccio Brunetti.&#8221;<\/em><\/p>\n<p>Fonte <a href=\"https:\/\/www.lastampa.it\/spettacoli\/musica\/2020\/12\/15\/video\/figlio_e_padre_amore_paura_e_coraggio_di_vivere_nell_ultimo_video_di_cristiano_godano-145823\/\">La Stampa<\/a><\/p>\n\n","protected":false},"excerpt":{"rendered":"<p>MUSIC VIDEO Per Cristiano Godano (Marlene Kuntz) ho realizzato il music video &#8220;Figlio e Padre&#8221;, girato tra i tetti di Roma e le strade di Londra. &#8220;Il video \u00e8 figlio di questi tempi: girato met\u00e0 a Roma, dove Cristiano si trova da solo su un tetto, e met\u00e0 \u00e8 stato girato a Londra prima della&hellip;<\/p>\n","protected":false},"author":2,"featured_media":6824,"parent":6912,"menu_order":0,"comment_status":"closed","ping_status":"closed","template":"","meta":{"footnotes":""},"class_list":["post-6906","page","type-page","status-publish","has-post-thumbnail","hentry"],"yoast_head":"<!-- This site is optimized with the Yoast SEO plugin v22.4 - https:\/\/yoast.com\/wordpress\/plugins\/seo\/ -->\n<title>Cristiano Godano - Figlio e Padre - Duccio Brunetti<\/title>\n<meta name=\"robots\" content=\"index, follow, max-snippet:-1, max-image-preview:large, max-video-preview:-1\" \/>\n<link rel=\"canonical\" href=\"https:\/\/ducciobrunetti.it\/en\/progetti\/cristiano-godano-figlio-padre\/\" \/>\n<meta property=\"og:locale\" content=\"en_US\" \/>\n<meta property=\"og:type\" content=\"article\" \/>\n<meta property=\"og:title\" content=\"Cristiano Godano - Figlio e Padre - Duccio Brunetti\" \/>\n<meta property=\"og:description\" content=\"MUSIC VIDEO Per Cristiano Godano (Marlene Kuntz) ho realizzato il music video &#8220;Figlio e Padre&#8221;, girato tra i tetti di Roma e le strade di Londra. &#8220;Il video \u00e8 figlio di questi tempi: girato met\u00e0 a Roma, dove Cristiano si trova da solo su un tetto, e met\u00e0 \u00e8 stato girato a Londra prima della&hellip;\" \/>\n<meta property=\"og:url\" content=\"https:\/\/ducciobrunetti.it\/en\/progetti\/cristiano-godano-figlio-padre\/\" \/>\n<meta property=\"og:site_name\" content=\"Duccio Brunetti\" \/>\n<meta property=\"article:modified_time\" content=\"2024-04-10T22:09:05+00:00\" \/>\n<meta property=\"og:image\" content=\"https:\/\/ducciobrunetti.it\/wp-content\/uploads\/2023\/12\/duccio-brunetti-filmaking-art-direction56-scaled.jpg\" \/>\n\t<meta property=\"og:image:width\" content=\"2560\" \/>\n\t<meta property=\"og:image:height\" content=\"1440\" \/>\n\t<meta property=\"og:image:type\" content=\"image\/jpeg\" \/>\n<meta name=\"twitter:card\" content=\"summary_large_image\" \/>\n<script type=\"application\/ld+json\" class=\"yoast-schema-graph\">{\"@context\":\"https:\/\/schema.org\",\"@graph\":[{\"@type\":\"WebPage\",\"@id\":\"https:\/\/ducciobrunetti.it\/en\/progetti\/cristiano-godano-figlio-padre\/\",\"url\":\"https:\/\/ducciobrunetti.it\/en\/progetti\/cristiano-godano-figlio-padre\/\",\"name\":\"Cristiano Godano - Figlio e Padre - Duccio Brunetti\",\"isPartOf\":{\"@id\":\"https:\/\/ducciobrunetti.it\/en\/#website\"},\"primaryImageOfPage\":{\"@id\":\"https:\/\/ducciobrunetti.it\/en\/progetti\/cristiano-godano-figlio-padre\/#primaryimage\"},\"image\":{\"@id\":\"https:\/\/ducciobrunetti.it\/en\/progetti\/cristiano-godano-figlio-padre\/#primaryimage\"},\"thumbnailUrl\":\"https:\/\/ducciobrunetti.it\/wp-content\/uploads\/2023\/12\/duccio-brunetti-filmaking-art-direction56-scaled.jpg\",\"datePublished\":\"2024-04-02T16:20:06+00:00\",\"dateModified\":\"2024-04-10T22:09:05+00:00\",\"breadcrumb\":{\"@id\":\"https:\/\/ducciobrunetti.it\/en\/progetti\/cristiano-godano-figlio-padre\/#breadcrumb\"},\"inLanguage\":\"en-US\",\"potentialAction\":[{\"@type\":\"ReadAction\",\"target\":[\"https:\/\/ducciobrunetti.it\/en\/progetti\/cristiano-godano-figlio-padre\/\"]}]},{\"@type\":\"ImageObject\",\"inLanguage\":\"en-US\",\"@id\":\"https:\/\/ducciobrunetti.it\/en\/progetti\/cristiano-godano-figlio-padre\/#primaryimage\",\"url\":\"https:\/\/ducciobrunetti.it\/wp-content\/uploads\/2023\/12\/duccio-brunetti-filmaking-art-direction56-scaled.jpg\",\"contentUrl\":\"https:\/\/ducciobrunetti.it\/wp-content\/uploads\/2023\/12\/duccio-brunetti-filmaking-art-direction56-scaled.jpg\",\"width\":2560,\"height\":1440},{\"@type\":\"BreadcrumbList\",\"@id\":\"https:\/\/ducciobrunetti.it\/en\/progetti\/cristiano-godano-figlio-padre\/#breadcrumb\",\"itemListElement\":[{\"@type\":\"ListItem\",\"position\":1,\"name\":\"Home\",\"item\":\"https:\/\/ducciobrunetti.it\/en\/home\/\"},{\"@type\":\"ListItem\",\"position\":2,\"name\":\"Cristiano Godano &#8211; Figlio e Padre\"}]},{\"@type\":\"WebSite\",\"@id\":\"https:\/\/ducciobrunetti.it\/en\/#website\",\"url\":\"https:\/\/ducciobrunetti.it\/en\/\",\"name\":\"Duccio Brunetti\",\"description\":\"\",\"publisher\":{\"@id\":\"https:\/\/ducciobrunetti.it\/en\/#\/schema\/person\/0ed6e1a7783e3324a659195856140bb8\"},\"potentialAction\":[{\"@type\":\"SearchAction\",\"target\":{\"@type\":\"EntryPoint\",\"urlTemplate\":\"https:\/\/ducciobrunetti.it\/en\/?s={search_term_string}\"},\"query-input\":\"required name=search_term_string\"}],\"inLanguage\":\"en-US\"},{\"@type\":[\"Person\",\"Organization\"],\"@id\":\"https:\/\/ducciobrunetti.it\/en\/#\/schema\/person\/0ed6e1a7783e3324a659195856140bb8\",\"name\":\"Duccio\",\"image\":{\"@type\":\"ImageObject\",\"inLanguage\":\"en-US\",\"@id\":\"https:\/\/ducciobrunetti.it\/en\/#\/schema\/person\/image\/\",\"url\":\"https:\/\/ducciobrunetti.it\/wp-content\/uploads\/2023\/12\/duccio-brunetti-filmaking-art-direction.png\",\"contentUrl\":\"https:\/\/ducciobrunetti.it\/wp-content\/uploads\/2023\/12\/duccio-brunetti-filmaking-art-direction.png\",\"width\":1920,\"height\":1080,\"caption\":\"Duccio\"},\"logo\":{\"@id\":\"https:\/\/ducciobrunetti.it\/en\/#\/schema\/person\/image\/\"}}]}<\/script>\n<!-- \/ Yoast SEO plugin. -->","yoast_head_json":{"title":"Cristiano Godano - Figlio e Padre - Duccio Brunetti","robots":{"index":"index","follow":"follow","max-snippet":"max-snippet:-1","max-image-preview":"max-image-preview:large","max-video-preview":"max-video-preview:-1"},"canonical":"https:\/\/ducciobrunetti.it\/en\/progetti\/cristiano-godano-figlio-padre\/","og_locale":"en_US","og_type":"article","og_title":"Cristiano Godano - Figlio e Padre - Duccio Brunetti","og_description":"MUSIC VIDEO Per Cristiano Godano (Marlene Kuntz) ho realizzato il music video &#8220;Figlio e Padre&#8221;, girato tra i tetti di Roma e le strade di Londra. &#8220;Il video \u00e8 figlio di questi tempi: girato met\u00e0 a Roma, dove Cristiano si trova da solo su un tetto, e met\u00e0 \u00e8 stato girato a Londra prima della&hellip;","og_url":"https:\/\/ducciobrunetti.it\/en\/progetti\/cristiano-godano-figlio-padre\/","og_site_name":"Duccio Brunetti","article_modified_time":"2024-04-10T22:09:05+00:00","og_image":[{"width":2560,"height":1440,"url":"https:\/\/ducciobrunetti.it\/wp-content\/uploads\/2023\/12\/duccio-brunetti-filmaking-art-direction56-scaled.jpg","type":"image\/jpeg"}],"twitter_card":"summary_large_image","schema":{"@context":"https:\/\/schema.org","@graph":[{"@type":"WebPage","@id":"https:\/\/ducciobrunetti.it\/en\/progetti\/cristiano-godano-figlio-padre\/","url":"https:\/\/ducciobrunetti.it\/en\/progetti\/cristiano-godano-figlio-padre\/","name":"Cristiano Godano - Figlio e Padre - Duccio Brunetti","isPartOf":{"@id":"https:\/\/ducciobrunetti.it\/en\/#website"},"primaryImageOfPage":{"@id":"https:\/\/ducciobrunetti.it\/en\/progetti\/cristiano-godano-figlio-padre\/#primaryimage"},"image":{"@id":"https:\/\/ducciobrunetti.it\/en\/progetti\/cristiano-godano-figlio-padre\/#primaryimage"},"thumbnailUrl":"https:\/\/ducciobrunetti.it\/wp-content\/uploads\/2023\/12\/duccio-brunetti-filmaking-art-direction56-scaled.jpg","datePublished":"2024-04-02T16:20:06+00:00","dateModified":"2024-04-10T22:09:05+00:00","breadcrumb":{"@id":"https:\/\/ducciobrunetti.it\/en\/progetti\/cristiano-godano-figlio-padre\/#breadcrumb"},"inLanguage":"en-US","potentialAction":[{"@type":"ReadAction","target":["https:\/\/ducciobrunetti.it\/en\/progetti\/cristiano-godano-figlio-padre\/"]}]},{"@type":"ImageObject","inLanguage":"en-US","@id":"https:\/\/ducciobrunetti.it\/en\/progetti\/cristiano-godano-figlio-padre\/#primaryimage","url":"https:\/\/ducciobrunetti.it\/wp-content\/uploads\/2023\/12\/duccio-brunetti-filmaking-art-direction56-scaled.jpg","contentUrl":"https:\/\/ducciobrunetti.it\/wp-content\/uploads\/2023\/12\/duccio-brunetti-filmaking-art-direction56-scaled.jpg","width":2560,"height":1440},{"@type":"BreadcrumbList","@id":"https:\/\/ducciobrunetti.it\/en\/progetti\/cristiano-godano-figlio-padre\/#breadcrumb","itemListElement":[{"@type":"ListItem","position":1,"name":"Home","item":"https:\/\/ducciobrunetti.it\/en\/home\/"},{"@type":"ListItem","position":2,"name":"Cristiano Godano &#8211; Figlio e Padre"}]},{"@type":"WebSite","@id":"https:\/\/ducciobrunetti.it\/en\/#website","url":"https:\/\/ducciobrunetti.it\/en\/","name":"Duccio Brunetti","description":"","publisher":{"@id":"https:\/\/ducciobrunetti.it\/en\/#\/schema\/person\/0ed6e1a7783e3324a659195856140bb8"},"potentialAction":[{"@type":"SearchAction","target":{"@type":"EntryPoint","urlTemplate":"https:\/\/ducciobrunetti.it\/en\/?s={search_term_string}"},"query-input":"required name=search_term_string"}],"inLanguage":"en-US"},{"@type":["Person","Organization"],"@id":"https:\/\/ducciobrunetti.it\/en\/#\/schema\/person\/0ed6e1a7783e3324a659195856140bb8","name":"Duccio","image":{"@type":"ImageObject","inLanguage":"en-US","@id":"https:\/\/ducciobrunetti.it\/en\/#\/schema\/person\/image\/","url":"https:\/\/ducciobrunetti.it\/wp-content\/uploads\/2023\/12\/duccio-brunetti-filmaking-art-direction.png","contentUrl":"https:\/\/ducciobrunetti.it\/wp-content\/uploads\/2023\/12\/duccio-brunetti-filmaking-art-direction.png","width":1920,"height":1080,"caption":"Duccio"},"logo":{"@id":"https:\/\/ducciobrunetti.it\/en\/#\/schema\/person\/image\/"}}]}},"_links":{"self":[{"href":"https:\/\/ducciobrunetti.it\/en\/wp-json\/wp\/v2\/pages\/6906","targetHints":{"allow":["GET"]}}],"collection":[{"href":"https:\/\/ducciobrunetti.it\/en\/wp-json\/wp\/v2\/pages"}],"about":[{"href":"https:\/\/ducciobrunetti.it\/en\/wp-json\/wp\/v2\/types\/page"}],"author":[{"embeddable":true,"href":"https:\/\/ducciobrunetti.it\/en\/wp-json\/wp\/v2\/users\/2"}],"replies":[{"embeddable":true,"href":"https:\/\/ducciobrunetti.it\/en\/wp-json\/wp\/v2\/comments?post=6906"}],"version-history":[{"count":1,"href":"https:\/\/ducciobrunetti.it\/en\/wp-json\/wp\/v2\/pages\/6906\/revisions"}],"predecessor-version":[{"id":6907,"href":"https:\/\/ducciobrunetti.it\/en\/wp-json\/wp\/v2\/pages\/6906\/revisions\/6907"}],"up":[{"embeddable":true,"href":"https:\/\/ducciobrunetti.it\/en\/wp-json\/wp\/v2\/pages\/6912"}],"wp:featuredmedia":[{"embeddable":true,"href":"https:\/\/ducciobrunetti.it\/en\/wp-json\/wp\/v2\/media\/6824"}],"wp:attachment":[{"href":"https:\/\/ducciobrunetti.it\/en\/wp-json\/wp\/v2\/media?parent=6906"}],"curies":[{"name":"wp","href":"https:\/\/api.w.org\/{rel}","templated":true}]}}

<iframe loading="lazy" width="560" height="315" src="https://www.youtube.com/embed/XJbkwP_mEeA?si=48QvkIzanmcIt583" title="YouTube video player" frameborder="0" allow="accelerometer; autoplay; clipboard-write; encrypted-media; gyroscope; picture-in-picture; web-share" referrerpolicy="strict-origin-when-cross-origin" allowfullscreen></iframe>
<h2>
		MUSIC VIDEO
	</h2>
<p>Per Cristiano Godano (Marlene Kuntz) ho realizzato il music video &#8220;Figlio e Padre&#8221;, girato tra i tetti di Roma e le strade di Londra.</p>
<p><em>&#8220;Il video è figlio di questi tempi: girato metà a Roma, dove Cristiano si trova da solo su un tetto, e metà è stato girato a Londra prima della pandemia, dove un anziano signore rincorre i vecchi ricordi (le strade piene di persone senza mascherine sono esse stesse un ricordo).Il video vede la regia di Duccio Brunetti.&#8221;</em></p>
<p>Fonte <a href="https://www.lastampa.it/spettacoli/musica/2020/12/15/video/figlio_e_padre_amore_paura_e_coraggio_di_vivere_nell_ultimo_video_di_cristiano_godano-145823/">La Stampa</a></p>

<p>MUSIC VIDEO Per Cristiano Godano (Marlene Kuntz) ho realizzato il music video &#8220;Figlio e Padre&#8221;, girato tra i tetti di Roma e le strade di Londra. &#8220;Il video è figlio di questi tempi: girato metà a Roma, dove Cristiano si trova da solo su un tetto, e metà è stato girato a Londra prima della&hellip;</p>

<!-- This site is optimized with the Yoast SEO plugin v22.4 - https://yoast.com/wordpress/plugins/seo/ -->
<title>Cristiano Godano - Figlio e Padre - Duccio Brunetti</title>
<meta name="robots" content="index, follow, max-snippet:-1, max-image-preview:large, max-video-preview:-1" />
<link rel="canonical" href="https://ducciobrunetti.it/en/progetti/cristiano-godano-figlio-padre/" />
<meta property="og:locale" content="en_US" />
<meta property="og:type" content="article" />
<meta property="og:title" content="Cristiano Godano - Figlio e Padre - Duccio Brunetti" />
<meta property="og:description" content="MUSIC VIDEO Per Cristiano Godano (Marlene Kuntz) ho realizzato il music video &#8220;Figlio e Padre&#8221;, girato tra i tetti di Roma e le strade di Londra. &#8220;Il video è figlio di questi tempi: girato metà a Roma, dove Cristiano si trova da solo su un tetto, e metà è stato girato a Londra prima della&hellip;" />
<meta property="og:url" content="https://ducciobrunetti.it/en/progetti/cristiano-godano-figlio-padre/" />
<meta property="og:site_name" content="Duccio Brunetti" />
<meta property="article:modified_time" content="2024-04-10T22:09:05+00:00" />
<meta property="og:image" content="https://ducciobrunetti.it/wp-content/uploads/2023/12/duccio-brunetti-filmaking-art-direction56-scaled.jpg" />
	<meta property="og:image:width" content="2560" />
	<meta property="og:image:height" content="1440" />
	<meta property="og:image:type" content="image/jpeg" />
<meta name="twitter:card" content="summary_large_image" />
<script type="application/ld+json" class="yoast-schema-graph">{"@context":"https://schema.org","@graph":[{"@type":"WebPage","@id":"https://ducciobrunetti.it/en/progetti/cristiano-godano-figlio-padre/","url":"https://ducciobrunetti.it/en/progetti/cristiano-godano-figlio-padre/","name":"Cristiano Godano - Figlio e Padre - Duccio Brunetti","isPartOf":{"@id":"https://ducciobrunetti.it/en/#website"},"primaryImageOfPage":{"@id":"https://ducciobrunetti.it/en/progetti/cristiano-godano-figlio-padre/#primaryimage"},"image":{"@id":"https://ducciobrunetti.it/en/progetti/cristiano-godano-figlio-padre/#primaryimage"},"thumbnailUrl":"https://ducciobrunetti.it/wp-content/uploads/2023/12/duccio-brunetti-filmaking-art-direction56-scaled.jpg","datePublished":"2024-04-02T16:20:06+00:00","dateModified":"2024-04-10T22:09:05+00:00","breadcrumb":{"@id":"https://ducciobrunetti.it/en/progetti/cristiano-godano-figlio-padre/#breadcrumb"},"inLanguage":"en-US","potentialAction":[{"@type":"ReadAction","target":["https://ducciobrunetti.it/en/progetti/cristiano-godano-figlio-padre/"]}]},{"@type":"ImageObject","inLanguage":"en-US","@id":"https://ducciobrunetti.it/en/progetti/cristiano-godano-figlio-padre/#primaryimage","url":"https://ducciobrunetti.it/wp-content/uploads/2023/12/duccio-brunetti-filmaking-art-direction56-scaled.jpg","contentUrl":"https://ducciobrunetti.it/wp-content/uploads/2023/12/duccio-brunetti-filmaking-art-direction56-scaled.jpg","width":2560,"height":1440},{"@type":"BreadcrumbList","@id":"https://ducciobrunetti.it/en/progetti/cristiano-godano-figlio-padre/#breadcrumb","itemListElement":[{"@type":"ListItem","position":1,"name":"Home","item":"https://ducciobrunetti.it/en/home/"},{"@type":"ListItem","position":2,"name":"Cristiano Godano &#8211; Figlio e Padre"}]},{"@type":"WebSite","@id":"https://ducciobrunetti.it/en/#website","url":"https://ducciobrunetti.it/en/","name":"Duccio Brunetti","description":"","publisher":{"@id":"https://ducciobrunetti.it/en/#/schema/person/0ed6e1a7783e3324a659195856140bb8"},"potentialAction":[{"@type":"SearchAction","target":{"@type":"EntryPoint","urlTemplate":"https://ducciobrunetti.it/en/?s={search_term_string}"},"query-input":"required name=search_term_string"}],"inLanguage":"en-US"},{"@type":["Person","Organization"],"@id":"https://ducciobrunetti.it/en/#/schema/person/0ed6e1a7783e3324a659195856140bb8","name":"Duccio","image":{"@type":"ImageObject","inLanguage":"en-US","@id":"https://ducciobrunetti.it/en/#/schema/person/image/","url":"https://ducciobrunetti.it/wp-content/uploads/2023/12/duccio-brunetti-filmaking-art-direction.png","contentUrl":"https://ducciobrunetti.it/wp-content/uploads/2023/12/duccio-brunetti-filmaking-art-direction.png","width":1920,"height":1080,"caption":"Duccio"},"logo":{"@id":"https://ducciobrunetti.it/en/#/schema/person/image/"}}]}</script>
<!-- / Yoast SEO plugin. -->

MUSIC VIDEO Per Cristiano Godano (Marlene Kuntz) ho realizzato il music video &#8220;Figlio e Padre&#8221;, girato tra i tetti di Roma e le strade di Londra. &#8220;Il video è figlio di questi tempi: girato metà a Roma, dove Cristiano si trova da solo su un tetto, e metà è stato girato a Londra prima della&hellip;
